. What are the prime factors of n?
2, 3
Suppose 7*y = 10*y - 183. What are the prime factors of y?
61
Let v = 2 + 3. Suppose -2*w - 10 = v*j, 5*w - 5 = -0*j - 5*j. Suppose -s + w*d - 12 = 0, -3*s - 2*d - 8 + 40 = 0. What are the prime factors of s?
2
Let m = 63 + -44. Let k = m + -11. What are the prime factors of k?
2
Let n(w) = w**2 + 2*w - 3. Let h be (5/2)/((-2)/4). List the prime factors of n(h).
2, 3
Let c(q) = -q - 4. Let x be c(-6). Let u(g) = 0*g**2 + g - 4*g**2 + 11 + g**3 - 4*g**x - 2*g**3. What are the prime factors of u(-8)?
3
Suppose 718 = 4*s + 194. What are the prime factors of s?
131
Let x = -9 - -6. What are the prime factors of (x/2)/(15/(-220))?
2, 11
What are the prime factors of -11*2*(-12)/8?
3, 11
Suppose 5*v - 150 = -5*u, -2*v - 1 + 26 = u. What are the prime factors of u?
5, 7
Suppose 624 = 12*u - 4*u. What are the prime factors of u?
2, 3, 13
Let p = -296 + 549. What are the prime factors of p?
11, 23
Let z(r) = r**2 - 6*r + 7. What are the prime factors of z(8)?
23
Suppose -u = 2*o - 39, 0 = -5*o + 2*u + 38 + 73. Suppose -2*l + 58 = -3*v, v - 6 = 2*l - 56. Suppose 0 = 4*i - o - l. List the prime factors of i.
11
Let l(f) = 2*f**2 + 19*f - 6. Let m be l(-10). Let o = -1 + 1. Suppose -2*c + c - m*b + 16 = o, -4*c - 5*b = -31. List the prime factors of c.
2
Let t(k) = k**3 - 6*k**2 + 6*k - 3. Let r be t(5). Suppose 0 = 3*w - 12, 3*y - 2*w = -19 - 43. List the prime factors of (y/12)/(r/(-4)).
3
Let p = 67 - -27. What are the prime factors of p?
2, 47
Let f(h) = 5*h**2 - 6*h - 5. List the prime factors of f(5).
2, 3, 5
Let m be 1/4 + 75/20. Suppose -m = -f - 0. Suppose -5*o + 102 = -3*v + 7, f*o = -3*v + 76. What are the prime factors of o?
19
Let n be ((-210)/9)/((-1)/3). Suppose 5*k - n = -2*m, -3*k + 42 = -4*m - m. List the prime factors of k.
2, 7
Let d = 15 + -11. Let z = 1 + 6. Suppose -p + z = -d. List the prime factors of p.
11
Let v(j) be the second derivative of -j**5/20 - j**4/2 + 6*j. List the prime factors of v(-7).
7
Let c be (-2)/5 - (-980)/(-50). Suppose -3*d = -113 - 28. What are the prime factors of d/4 + (-5)/c?
2, 3
Suppose 107 = 5*r - 2*h + 5, 4*h - 76 = -4*r. Suppose -2*f - 50 = -5*k - f, 0 = 4*f - r. List the prime factors of k.
11
Suppose 2*m - 33 = n - 0*n, -4*m - n = -81. What are the prime factors of m?
19
Let f(c) = -28*c - 33. What are the prime factors of f(-7)?
163
Let i(d) = d**2 + 17*d + 35. List the prime factors of i(-15).
5
Let w = -4 + 104. Suppose 5*y - w = -0*y. Suppose 15 = 5*p - y. What are the prime factors of p?
7
What are the prime factors of -2 - -4 - (-1 + -1 + -72)?
2, 19
Let j = 74 - 40. What are the prime factors of j?
2, 17
Suppose 0 = 10*u - 205 - 105. What are the prime factors of u?
31
Let x(n) = 6*n - 6. Let z be x(5). Let s = 67 - z. List the prime factors of (-1)/6 - s/(-6).
7
Let u(v) = -3*v**3 - v + 1. Let n be 3/(-6) + (-9)/(-6). Let d be u(n). Let a = d - -17. What are the prime factors of a?
2, 7
Let v = -6 + 14. What are the prime factors of v?
2
Let y(x) = -x**3 + x**2 + x + 9. Let s be -3*(-3)/9 + -1. What are the prime factors of y(s)?
3
Let z = 2 - -1. Suppose 2*n + 52 = 4*f, f + z*n - 7 = 5*n. Suppose -f = -3*b - 2*b. List the prime factors of b.
3
Let l be 3/3 + 36 - 1. Suppose 3*r + 3*p + p - l = 0, -r + p + 12 = 0. List the prime factors of r.
2, 3
Suppose 0 = 3*x + u - 165, 5*u = 3*x - 107 - 76. Let g = x - 16. What are the prime factors of g?
2, 5
Suppose -6*h = -2*h - 12. Suppose -v - v - 5*c - 6 = 0, h*c = -2*v - 2. Suppose -r = -3*x - 1, 3*r + v*x - 9 = 5*x. What are the prime factors of r?
2
Let w = -52 + 94. List the prime factors of 6/(-4)*w/(-9).
7
Suppose 3*y + 11 = -s - 35, 4*s + 234 = -2*y. Let k = s + 101. What are the prime factors of k?
2, 5
Let x(y) = -y**3 - 3*y**2 - y + 2. Let d be x(-2). Suppose 7*j - 2*j - 60 = d. What are the prime factors of j?
2, 3
Suppose 5*p + 80 = -0*v - 5*v, -p + 4*v = 41. List the prime factors of (-201)/(-7) - 6/p.
29
Suppose 225 = -x + 4*x. Suppose 0 = -5*b + 5 + x. What are the prime factors of b?
2
Let l = 156 - -2. What are the prime factors of l?
2, 79
Suppose 5*i - 5 - 15 = 0. Suppose -42 = -8*h + i*h + c, 0 = 2*h + 5*c - 32. What are the prime factors of h?
11
Let m = -17 - -28. List the prime factors of m.
11
Suppose 0 = 5*t - 20, -9*q + 5*t = -4*q - 490. What are the prime factors of q?
2, 3, 17
Let d(c) = 6*c**2 + 11*c + 6. List the prime factors of d(-8).
2, 151
Let w = -78 + 125. What are the prime factors of w?
47
Let d(n) = 7*n**2 + 2*n + 2. Let o be d(-2). Suppose v + v = -o. Let f = v - -22. What are the prime factors of f?
3
Let t(n) = n**2 + n. Let z be t(0). Suppose z = -0*p + 2*p + 10, -4*q - p + 15 = 0. List the prime factors of q.
5
Let a(u) = -u**3 - 5*u**2 + 6*u + 8. Let i = -3 + -12. Let r = -21 - i. List the prime factors of a(r).
2
Let r(p) = p**2 + 3*p + 28. Let d(o) = -o**2 - 4*o - 28. Let v(t) = 3*d(t) + 4*r(t). Let a be v(0). Suppose 2*u + 4 = a. What are the prime factors of u?
2, 3
Suppose -o + 6*o + m + 66 = 0, 5*o + 86 = 4*m. Let g = 13 + -20. Let p = g - o. What are the prime factors of p?
7
Suppose -4*t + 24 = 3*r - t, -r = -4*t + 7. Let i = r - 3. Suppose -33 = -3*v - i*q - 8, v - 12 = 3*q. List the prime factors of v.
3
Let x = -20 - -29. Suppose 156 + x = 5*h. List the prime factors of h.
3, 11
Let k(o) be the second derivative of o**4/12 + o**3 - 2*o**2 + 3*o. Let f be (-1)/(-2)*(-2 - 14). What are the prime factors of k(f)?
2, 3
Suppose y + 4 = -y. Suppose 0 = -2*x - 0*x - 24. Let s = y - x. What are the prime factors of s?
2, 5
Let g be -1 - (-1)/((-3)/(-45)). Let y = g + -9. List the prime factors of y.
5
Let f = 34 - 0. List the prime factors of f.
2, 17
Let k(w) = 2*w + 17. Let b be k(15). Suppose 2*c + 11 - b = 0. What are the prime factors of c?
2, 3
Let o = 2 + -4. Let s be o + 13 - (1 - 0). Suppose -s = -4*d + 22. What are the prime factors of d?
2
Let i = 61 + 106. List the prime factors of i.
167
Suppose -s = -0*s + 14. Let u = s - -37. List the prime factors of u.
23
Let m(q) = q**2 - 2*q. List the prime factors of m(11).
3, 11
Let o = -10 + 5. Let q = 4 + o. List the prime factors of 0 + (-3)/q - -8.
11
Suppose -6*k + 9*k - 9 = 0. Suppose -3*a = -y + k*y - 164, -3*y + 244 = 4*a. Suppose 3*z - y = -z. What are the prime factors of z?
19
Let z(o) = -2*o**3 + 8*o + 10 - 4*o**3 + 7*o**2 + o**2 + 5*o**3. Let n be z(9). List the prime factors of n/(3/90*3).
2, 5
Suppose -4*k = -4*i + 16, -4*k + 0*k - 1 = i. Let g(c) = -8*c - 2. Let j be g(-2). Suppose 0 = -s + i*s - j. List the prime factors of s.
7
Let p(b) = -b + 5. Let o be p(7). Let l = 2 - o. Suppose 2*d - 6 - 4 = -2*a, 0 = -l*a - 3*d + 17. List the prime factors of a.
2
Let p(o) = -4*o - 8. Let i(s) = -1. Let x(l) = -6*i(l) + p(l). Let t be x(-2). What are the prime factors of ((-4)/t)/((-4)/18)?
3
Let g(u) = 5*u**3 - u**2 + 2. Let t be g(2). Suppose -42 = -5*o + t. What are the prime factors of o?
2
Suppose r + b = 53, 2*r + 5*b - 216 = -2*r. List the prime factors of r.
7
Suppose 6*t + 18 = 4*t. What are the prime factors of t/(-3)*(-14)/(-3)?
2, 7
Let s(r) = 38*r**2 + 2*r + 1. Let y be s(-1). Let t = y - 24. What are the prime factors of t?
13
Let k be 8/28 + (-23)/7. Let v = -3 - k. What are the prime factors of (-3)/(2/(-10) - v)?
3, 5
List the prime factors of 1*(3 + 48/3).
19
Let w = 138 + -41. What are the prime factors of w?
97
Let b be ((-6)/(-15))/(2/20). Suppose b*m - 120 = -m. What are the prime factors of m?
2, 3
Let f = -1 + -2. Let y = 0 - f. Suppose 0 = -r + y*r - 10. List the prime factors of r.
5
Suppose 2*y - 9*y = -357. What are the prime factors of y?
3, 17
Let p(u) = u**3 + 6*u**2 - 7*u + 6. Let y = 17 + -24. What are the prime factors of p(y)?
2, 3
Let q be 3 + (-6)/3 + -7. Let p = 22 + q. What are the prime factors of p?
2
Let r(g) = -g. Let w be r(-6). Let i(l) = 2 - l + 2*l + 0. List the prime factors of i(w).
2
Suppose -2*l = 3*y - 2 - 11, -1 = -5*l + 3*y. Suppose -9 - 19 = -l*k. What are the prime factors of k?
2, 7
Let m = 83 + -19. List the prime factors of m.
2
Suppose 11 = -3*s + 5. Let o(b) = -b**3 + 4*b + 3. List the prime factors of o(s).
3
Suppose 0 = -19*l + 10*l + 2025. What are the prime factors of l?
3, 5
Suppose -h + 3*h = -4. Let p = h - -5. What are the p